{"id":203,"date":"2021-08-17T19:46:16","date_gmt":"2021-08-17T19:46:16","guid":{"rendered":"https:\/\/www.silberdesign.eu\/?page_id=203"},"modified":"2021-08-19T10:05:54","modified_gmt":"2021-08-19T10:05:54","slug":"gwarancja","status":"publish","type":"page","link":"https:\/\/www.silberdesign.eu\/index.php\/gwarancja\/","title":{"rendered":"Gwarancja"},"content":{"rendered":"\n<p>Wi\u0119cej informacji na temat udzielanej przez nas gwarancji znajd\u0105 Pa\u0144stwo w poni\u017cszym dokumencie, dokument do pobrania z naszej strony. Zapraszamy do zapoznania si\u0119 z jej warunkami.<\/p>\n\n\n\n<p><\/p>\n\n\n\n<div class=\"wp-block-image\"><figure class=\"aligncenter size-full is-resized\"><a href=\"https:\/\/drive.google.com\/file\/d\/1STWehFwjLxf3NqNx9JinJyo48qt8A0Zl\/view?usp=sharing\"><img loading=\"lazy\" src=\"https:\/\/www.silberdesign.eu\/wp-content\/uploads\/2021\/08\/unnamed.png\" alt=\"\" class=\"wp-image-237\" width=\"109\" height=\"109\" srcset=\"https:\/\/www.silberdesign.eu\/wp-content\/uploads\/2021\/08\/unnamed.png 256w, https:\/\/www.silberdesign.eu\/wp-content\/uploads\/2021\/08\/unnamed-150x150.png 150w, https:\/\/www.silberdesign.eu\/wp-content\/uploads\/2021\/08\/unnamed-100x100.png 100w\" sizes=\"(max-width: 109px) 100vw, 109px\" \/><\/a><\/figure><\/div>\n","protected":false},"excerpt":{"rendered":"<p>Wi\u0119cej informacji na temat udzielanej przez nas gwarancji znajd\u0105 Pa\u0144stwo w poni\u017cszym dokumencie, dokument do pobrania z naszej strony. Zapraszamy do zapoznania si\u0119 z jej warunkami.<\/p>\n","protected":false},"author":1,"featured_media":0,"parent":0,"menu_order":0,"comment_status":"closed","ping_status":"closed","template":"","meta":[],"_links":{"self":[{"href":"https:\/\/www.silberdesign.eu\/index.php\/wp-json\/wp\/v2\/pages\/203"}],"collection":[{"href":"https:\/\/www.silberdesign.eu\/index.php\/wp-json\/wp\/v2\/pages"}],"about":[{"href":"https:\/\/www.silberdesign.eu\/index.php\/wp-json\/wp\/v2\/types\/page"}],"author":[{"embeddable":true,"href":"https:\/\/www.silberdesign.eu\/index.php\/wp-json\/wp\/v2\/users\/1"}],"replies":[{"embeddable":true,"href":"https:\/\/www.silberdesign.eu\/index.php\/wp-json\/wp\/v2\/comments?post=203"}],"version-history":[{"count":20,"href":"https:\/\/www.silberdesign.eu\/index.php\/wp-json\/wp\/v2\/pages\/203\/revisions"}],"predecessor-version":[{"id":268,"href":"https:\/\/www.silberdesign.eu\/index.php\/wp-json\/wp\/v2\/pages\/203\/revisions\/268"}],"wp:attachment":[{"href":"https:\/\/www.silberdesign.eu\/index.php\/wp-json\/wp\/v2\/media?parent=203"}],"curies":[{"name":"wp","href":"https:\/\/api.w.org\/{rel}","templated":true}]}}