{"id":260,"date":"2021-08-19T09:18:33","date_gmt":"2021-08-19T09:18:33","guid":{"rendered":"https:\/\/www.silberdesign.eu\/?page_id=260"},"modified":"2021-09-06T14:08:13","modified_gmt":"2021-09-06T14:08:13","slug":"pozostale","status":"publish","type":"page","link":"https:\/\/www.silberdesign.eu\/index.php\/pozostale\/","title":{"rendered":"Pozosta\u0142e"},"content":{"rendered":"\n<p class=\"has-medium-font-size\"><strong>Obiekty ma\u0142ej architektury przydomowej<\/strong><\/p>\n\n\n\n<p>Uzupe\u0142nieniem naszej oferty s\u0105 obiekty ma\u0142ej architektury przydomowej. Zaprojektowane z t\u0105 sam\u0105 staranno\u015bci\u0105 i dba\u0142o\u015bci\u0105 o szczeg\u00f3\u0142y co pozosta\u0142e konstrukcje Silber Design stan\u0105 si\u0119 niezwyk\u0142\u0105 wizyt\u00f3wk\u0105 twojego otoczenie przydomowego. Pomog\u0105 ukry\u0107 niemi\u0142e dla oka obiekty jak kosze na \u015bmieci lub te\u017c zorganizowa\u0107 porz\u0105dek w\u015br\u00f3d narz\u0119dzi i maszyn ogrodowych.<\/p>\n\n\n\n<p>Mo\u017cemy dla Pa\u0144stwa zaprojektowa\u0107 i wykona\u0107 miedzy innymi:  zadaszenia drzwi wej\u015bciowych, domki ogrodowe, lamelowe ekrany zaciemniaj\u0105ce, ekrany zieleni, obudowy \u015bmietnikowe, wiaty \u015bmietnikowe, gara\u017ce motocyklowe i rowerowe, nowoczesne lampy ogrodowe, meble ogrodowe.<\/p>\n","protected":false},"excerpt":{"rendered":"<p>Obiekty ma\u0142ej architektury przydomowej Uzupe\u0142nieniem naszej oferty s\u0105 obiekty ma\u0142ej architektury przydomowej. Zaprojektowane z t\u0105 sam\u0105 staranno\u015bci\u0105 i dba\u0142o\u015bci\u0105 o szczeg\u00f3\u0142y co pozosta\u0142e konstrukcje Silber Design stan\u0105 si\u0119 niezwyk\u0142\u0105 wizyt\u00f3wk\u0105 twojego otoczenie przydomowego. Pomog\u0105 ukry\u0107 niemi\u0142e dla oka obiekty jak kosze na \u015bmieci lub te\u017c zorganizowa\u0107 porz\u0105dek w\u015br\u00f3d narz\u0119dzi i maszyn ogrodowych. Mo\u017cemy dla Pa\u0144stwa &hellip; <\/p>\n<p class=\"link-more\"><a href=\"https:\/\/www.silberdesign.eu\/index.php\/pozostale\/\" class=\"more-link\">Czytaj dalej<span class=\"screen-reader-text\"> Pozosta\u0142e<\/span><\/a><\/p>\n","protected":false},"author":1,"featured_media":0,"parent":0,"menu_order":0,"comment_status":"closed","ping_status":"closed","template":"","meta":[],"_links":{"self":[{"href":"https:\/\/www.silberdesign.eu\/index.php\/wp-json\/wp\/v2\/pages\/260"}],"collection":[{"href":"https:\/\/www.silberdesign.eu\/index.php\/wp-json\/wp\/v2\/pages"}],"about":[{"href":"https:\/\/www.silberdesign.eu\/index.php\/wp-json\/wp\/v2\/types\/page"}],"author":[{"embeddable":true,"href":"https:\/\/www.silberdesign.eu\/index.php\/wp-json\/wp\/v2\/users\/1"}],"replies":[{"embeddable":true,"href":"https:\/\/www.silberdesign.eu\/index.php\/wp-json\/wp\/v2\/comments?post=260"}],"version-history":[{"count":8,"href":"https:\/\/www.silberdesign.eu\/index.php\/wp-json\/wp\/v2\/pages\/260\/revisions"}],"predecessor-version":[{"id":327,"href":"https:\/\/www.silberdesign.eu\/index.php\/wp-json\/wp\/v2\/pages\/260\/revisions\/327"}],"wp:attachment":[{"href":"https:\/\/www.silberdesign.eu\/index.php\/wp-json\/wp\/v2\/media?parent=260"}],"curies":[{"name":"wp","href":"https:\/\/api.w.org\/{rel}","templated":true}]}}