{"id":9,"date":"2021-05-12T12:55:03","date_gmt":"2021-05-12T12:55:03","guid":{"rendered":"http:\/\/www.silberdesign.eu\/?page_id=9"},"modified":"2021-08-17T20:21:51","modified_gmt":"2021-08-17T20:21:51","slug":"o-nas","status":"publish","type":"page","link":"https:\/\/www.silberdesign.eu\/index.php\/o-nas\/","title":{"rendered":"Pewni jako\u015bci"},"content":{"rendered":"\n<p>Jeste\u015bmy pewni jako\u015bci swoich konstrukcji do tego stopnia, \u017ce nie boimy si\u0119 udzieli\u0107 na nie 10 letniej gwarancji. Wi\u0119cej informacji na temat warunk\u00f3w gwarancji znajd\u0105 Pa\u0144stwo w dziale &#8222;Informacje techniczne&#8221;.<\/p>\n\n\n\n<div class=\"wp-block-image\"><figure class=\"aligncenter size-full is-resized\"><img loading=\"lazy\" src=\"https:\/\/www.silberdesign.eu\/wp-content\/uploads\/2021\/08\/rysunek-gw.png\" alt=\"\" class=\"wp-image-196\" width=\"255\" height=\"259\"\/><\/figure><\/div>\n","protected":false},"excerpt":{"rendered":"<p>Jeste\u015bmy pewni jako\u015bci swoich konstrukcji do tego stopnia, \u017ce nie boimy si\u0119 udzieli\u0107 na nie 10 letniej gwarancji. Wi\u0119cej informacji na temat warunk\u00f3w gwarancji znajd\u0105 Pa\u0144stwo w dziale &#8222;Informacje techniczne&#8221;.<\/p>\n","protected":false},"author":1,"featured_media":96,"parent":0,"menu_order":0,"comment_status":"closed","ping_status":"closed","template":"","meta":[],"_links":{"self":[{"href":"https:\/\/www.silberdesign.eu\/index.php\/wp-json\/wp\/v2\/pages\/9"}],"collection":[{"href":"https:\/\/www.silberdesign.eu\/index.php\/wp-json\/wp\/v2\/pages"}],"about":[{"href":"https:\/\/www.silberdesign.eu\/index.php\/wp-json\/wp\/v2\/types\/page"}],"author":[{"embeddable":true,"href":"https:\/\/www.silberdesign.eu\/index.php\/wp-json\/wp\/v2\/users\/1"}],"replies":[{"embeddable":true,"href":"https:\/\/www.silberdesign.eu\/index.php\/wp-json\/wp\/v2\/comments?post=9"}],"version-history":[{"count":8,"href":"https:\/\/www.silberdesign.eu\/index.php\/wp-json\/wp\/v2\/pages\/9\/revisions"}],"predecessor-version":[{"id":234,"href":"https:\/\/www.silberdesign.eu\/index.php\/wp-json\/wp\/v2\/pages\/9\/revisions\/234"}],"wp:featuredmedia":[{"embeddable":true,"href":"https:\/\/www.silberdesign.eu\/index.php\/wp-json\/wp\/v2\/media\/96"}],"wp:attachment":[{"href":"https:\/\/www.silberdesign.eu\/index.php\/wp-json\/wp\/v2\/media?parent=9"}],"curies":[{"name":"wp","href":"https:\/\/api.w.org\/{rel}","templated":true}]}}